ds digit of 1807945?
0
What is the thousands digit of 2167217?
7
What is the tens digit of 6519711?
1
What is the hundreds digit of 874173?
1
What is the units digit of 6147744?
4
What is the hundreds digit of 132780?
7
What is the tens digit of 379541?
4
What is the hundreds digit of 1807079?
0
What is the ten thousands digit of 1028406?
2
What is the ten thousands digit of 986811?
8
What is the tens digit of 2444458?
5
What is the hundreds digit of 1086403?
4
What is the hundreds digit of 669384?
3
What is the tens digit of 83937?
3
What is the units digit of 403352?
2
What is the tens digit of 3841967?
6
What is the thousands digit of 1448974?
8
What is the hundreds digit of 3878584?
5
What is the hundreds digit of 2896747?
7
What is the hundred thousands digit of 208359?
2
What is the tens digit of 5869267?
6
What is the tens digit of 7267?
6
What is the hundreds digit of 1945898?
8
What is the units digit of 7951999?
9
What is the units digit of 3233029?
9
What is the hundreds digit of 557382?
3
What is the hundreds digit of 11589469?
4
What is the tens digit of 791569?
6
What is the tens digit of 519784?
8
What is the units digit of 1763138?
8
What is the ten thousands digit of 225564?
2
What is the tens digit of 70481?
8
What is the ten thousands digit of 144158?
4
What is the tens digit of 3048680?
8
What is the units digit of 726856?
6
What is the tens digit of 523723?
2
What is the units digit of 354737?
7
What is the millions digit of 2667543?
2
What is the thousands digit of 2357952?
7
What is the hundred thousands digit of 1681336?
6
What is the hundreds digit of 81357?
3
What is the tens digit of 147556?
5
What is the ten thousands digit of 5930349?
3
What is the hundreds digit of 87355?
3
What is the ten thousands digit of 184016?
8
What is the hundred thousands digit of 3171311?
1
What is the hundred thousands digit of 11724595?
7
What is the thousands digit of 2379923?
9
What is the tens digit of 1949753?
5
What is the ten thousands digit of 5354454?
5
What is the thousands digit of 9890949?
0
What is the thousands digit of 17351332?
1
What is the hundreds digit of 17402405?
4
What is the tens digit of 568593?
9
What is the units digit of 3850593?
3
What is the thousands digit of 13715113?
5
What is the ten thousands digit of 82956?
8
What is the tens digit of 11783337?
3
What is the hundred thousands digit of 556418?
5
What is the thousands digit of 2841?
2
What is the hundred thousands digit of 326695?
3
What is the hundred thousands digit of 631493?
6
What is the hundred thousands digit of 272253?
2
What is the tens digit of 4501950?
5
What is the millions digit of 4818394?
4
What is the hundred thousands digit of 195651?
1
What is the hundred thousands digit of 219599?
2
What is the hundreds digit of 592592?
5
What is the millions digit of 17045880?
7
What is the tens digit of 147017?
1
What is the hundred thousands digit of 632528?
6
What is the hundred thousands digit of 774642?
7
What is the thousands digit of 327464?
7
What is the tens digit of 64693?
9
What is the thousands digit of 3866850?
6
What is the hundreds digit of 110039?
0
What is the hundreds digit of 3149008?
0
What is the thousands digit of 1938683?
8
What is the units digit of 677540?
0
What is the ten thousands digit of 13596?
1
What is the thousands digit of 11927388?
7
What is the ten thousands digit of 318623?
1
What is the ten thousands digit of 3327280?
2
What is the hundred thousands digit of 1007299?
0
What is the thousands digit of 1163789?
3
What is the ten thousands digit of 1583238?
8
What is the millions digit of 3830039?
3
What is the hundred thousands digit of 11256995?
2
What is the millions digit of 1984452?
1
What is the hundred thousands digit of 1983564?
9
What is the hundreds digit of 3645490?
4
What is the ten thousands digit of 8077013?
7
What is the hundreds digit of 7832109?
1
What is the units digit of 12078877?
7
What is the ten thousands digit of 132759?
3
What is the units digit of 5838267?
7
What is the tens digit of 251812?
1
What is the millions digit of 4706329?
4
What is the hundred thousands digit of 7066070?
0
What is the millions digit of 1181666?
1
What is the hundred thousands digit of 14747292?
7
What is the ten thousands digit of 2146543?
4
What is the thousands digit of 5097052?
7
What is the hundred thousands digit of 555302?
5
What is the hundred thousands digit of 1564832?
5
What is the units digit of 212573?
3
What is the hundreds digit of 1011640?
6
What is the millions digit of 4816533?
4
What is the hundreds digit of 4665690?
6
What is the tens digit of 6978598?
9
What is the tens digit of 695606?
0
What is the millions digit of 1948393?
1
What is the hundreds digit of 2336581?
5
What is the hundred thousands digit of 10825083?
8
What is the millions digit of 1647495?
1
What is the ten thousands digit of 32672?
3
What is the tens digit of 16661174?
7
What is the hundreds digit of 1042248?
2
What is the tens digit of 3059816?
1
What is the tens digit of 25678232?
3
What is the thousands digit of 191411?
1
What is the millions digit of 1050910?
1
What is the thousands digit of 295650?
5
What is the tens digit of 1986494?
9
What is the units digit of 80031?
1
What is the units digit of 1233833?
3
What is the ten thousands digit of 310897?
1
What is the thousands digit of 11967953?
7
What is the hundred thousands digit of 125668?
1
What is the hundreds digit of 1290303?
3
What is the hundreds digit of 24044?
0
What is the ten thousands digit of 1461359?
6
What is the hundred thousands digit of 13025704?
0
What is the tens digit of 209079?
7
What is the hundreds digit of 115879?
8
What is the ten thousands digit of 1636731?
3
What is the hundred thousands digit of 572534?
5
What is the hundreds digit of 1395158?
1
What is the tens digit of 2121757?
5
What is the units digit of 1436296?
6
What is the units digit of 7323203?
3
What is the hundreds digit of 11772927?
9
What is the units digit of 25455?
5
What is the hundred thousands digit of 441346?
4
What is the hundred thousands digit of 4648983?
6
What is the millions digit of 4866006?
4
What is the tens digit of 5450720?
2
What is the ten thousands digit of 1827723?
2
What is the hundreds digit of 221606?
6
What is the units digit of 299276?
6
What is the thousands digit of 162355?
2
What is the tens digit of 3904123?
2
What is the units digit of 165171?
1
What is the units digit of 570790?
0
What is the thousands digit of 154466?
4
What is the millions digit of 4739747?
4
What is the hundreds digit of 125269?
2
What is the tens digit of 6887029?
2
What is the hundreds digit of 3922910?
9
What is the tens digit of 529683?
8
What is the thousands digit of 14509045?
9
What is the millions digit of 6700624?
6
What is the ten thousands digit of 258612?
5
What is the millions digit of 16670347?
6
What is the tens digit of 3274411?
1
What is the tens digit of 96443?
4
What is the hundreds digit of 179537?
5
What is the thousands digit of 4783553?
3
What is the thousands digit of 264457?
4
What is the hundred thousands digit of 2870939?
8
What is the ten thousands digit of 211044?
1
What is the ten thousands digit of 6466206?
6
What is the hundreds digit of 110822?
8
What is the tens digit of 52862?
6
What is the millions digit of 6406487?
6
What is the hundreds digit of 142371?
3
What is the hundreds digit of 1336341?
3
What is the units digit of 6068954?
4
What is the hundreds digit of 320134?
1
What is the hundred thousands digit of 3422852?
4
What is the hundreds digit of 595457?
4
What is the hundreds digit of 179676?
6
What is the hundreds digit of 354795?
7
What is the units digit of 2682107?
7
What is the thousands digit of 218807?
8
What is the tens digit of 2159700?
0
What is the tens digit of 1673473?
7
What is the tens digit of 853146?
4
What is the tens digit of 4362321?
2
What is the hundreds digit of 847456?
4
What is the units digit of 1396582?
2
What is the units digit of 123870?
0
What is the tens digit of 420166?
6
What is the units digit of 319874?
4
What is the ten thousands digit of 544298?
4
What is the tens digit of 798873?
7
What is the tens digit of 315256?
5
What is the hundred thousands digit of 1743791?
7
What is the hundred thousan